0).
-8
Suppose 0 = -4*g + 4*v + 68, 5*v - 20 = -2*g + 7. Suppose -y = -5*y + g. Let h(p) = 8*p**2 + p**3 + 2*p + y + 2*p + 6*p. Calculate h(-7).
-17
Let y(a) = 29*a. Let l be -4 + ((-208)/(-78) - (-2)/6). What is y(l)?
-29
Let r(p) = 78*p + 10. Suppose -2*j - 26 = -4*c, 2*j + 2 = -3*j + c. Calculate r(j).
88
Let a = 177 - 376. Let q = -188 - a. Let l(w) = w + 5. Determine l(q).
16
Let q(l) = l**2 + 2144 - 4*l + 2244 - 4466. Determine q(10).
-18
Let a(j) = 22*j**3 + 41*j**2 - 58*j - 50. Let z(h) = -5*h**3 - 10*h**2 + 14*h + 13. Let m(l) = 2*a(l) + 9*z(l). Give m(-9).
8
Suppose -4*v + 59 = -8*v - 5*t, 5*v - 3*t = -46. Let b be (2 - (9 - 3)) + (4 - v). Let x(d) = d**2 - 12*d + 12. Give x(b).
1
Suppose 13*k + 10 = 5*n + 17*k, 5*n - 10 = 2*k. Let g(q) be the first derivative of 1/2*q**n - 3*q + 13. Give g(0).
-3
Let l(u) = -u**3 - 7*u**2 - 2*u - 8. Let w(a) = -6*a + 38. Let n be w(6). Let d(t) = -t**3 - 2*t - 11 - 5*t + 4 + 8*t**n. Let i be d(7). Calculate l(i).
6
Let d(w) be the second derivative of -w**6/120 - w**5/30 + w**4/12 + 5*w**3/6 - 16*w**2 + 39*w. Let u(g) be the first derivative of d(g). Determine u(-4).
29
Let d = 192 + -189. Let m(o) = 161*o + o**d + 6 - 154*o - 16*o**2 + 8*o**2. Determine m(7).
6
Let o(t) = -t**2 - 3*t + 5. Let n = 113 - 108. Suppose -n*k = -45 + 80. Determine o(k).
-23
Let s(a) = a**3 + 23*a**2 - 53*a - 47. Let c = -7129 + 7104. What is s(c)?
28
Let t(p) = 2*p**3 + 15*p**2 - 30*p - 11. Let z(l) = -l**3 - 7*l**2 + 14*l + 5. Let v(r) = -4*t(r) - 9*z(r). Let j = -63 + 93. Let n = j - 34. Calculate v(n).
7
Let y(m) = -m + 1. Suppose 0*k + 96 = 2*k + 2*t, -15 = -3*t. Let f be 1 - -47*(-2)/2. Let g = f + k. Calculate y(g).
4
Suppose 6*w = 55 - 19. Let v(z) be the third derivative of 7/60*z**5 - 3/8*z**4 + 0 + 13*z**2 + 0*z - 1/120*z**6 + z**3. What is v(w)?
-12
Let o(n) be the second derivative of -1/5*n**5 + 1/3*n**3 + 0*n**2 + 0 - 1/6*n**4 + 25*n. What is o(-2)?
20
Let r(q) = 60*q + 912. Let z(m) = 6*m + 83. Let i(u) = -2*r(u) + 21*z(u). What is i(18)?
27
Let b(m) = m**2 + m - 1. Let l(t) = -6*t**2 - t + 3. Let x(q) = 5*b(q) + l(q). Let s(j) = -77*j - 21. Let w be s(3). Let z be (3/7 - (-234)/w)*-6. Give x(z).
1
Let l(y) be the second derivative of y**5/20 + 3*y**4/4 + 3*y**3 + 11*y**2/2 - 2114*y. Calculate l(-5).
21
Let i(n) be the first derivative of -n**4/4 + n**3/3 + n**2/2 - 11*n - 6. Suppose 50 = 17*u - 16*u. Let c = 50 - u. What is i(c)?
-11
Suppose 163*r + 104 = 2060. Let j(q) = q**3 - 14*q**2 + 17*q + 24. Determine j(r).
-60
Let b(k) = -k**3 + 6*k**2 + 27*k + 1. Let y be b(9). Let q(i) = 3*i**3 + 12*i**2 - 9*i - 18. Let x(t) = -t**3 + 1. Let j(h) = y*q(h) + 4*x(h). What is j(11)?
8
Let g(t) be the second derivative of -t**5/20 + t**4/6 + t**3/2 - t**2/2 + 4*t. Let h = 159 - 133. Suppose -7*z - h = -20*z. What is g(z)?
5
Let n(a) = -6*a + 4. Let f be n(-15). Let h = f - 89. Let k(r) = -h - 4*r - r + 3*r + 6*r. Determine k(6).
19
Let j = 6531 - 6515. Let p(y) = -y**3 + 15*y**2 + 17*y - 23. Calculate p(j).
-7
Let q(r) = 4*r - 1547 - 5*r + 3094 - 1547. Determine q(6).
-6
Let q(x) = 71*x**3 - 4*x**2 + 10*x - 72*x**3 - 12*x + 3. Let b(s) = -s**3 + 10*s**2 + 2. Let m be b(10). Let w be m/(-5) - 126/35. Calculate q(w).
11
Let y(z) = 2*z**2 + 3*z - 3. Suppose 23 + 43 = -33*a. Let m(g) = 8*g**2 + 10*g - 11. Let s(v) = a*m(v) + 7*y(v). Give s(2).
-5
Let g(k) = k**3 - 15*k**2 - 36*k + 18. Suppose -78*v - 111*v + 6443 = 190*v. Give g(v).
-16
Let f(c) be the second derivative of c**3/3 + 17*c**2 + 1162*c. Give f(-16).
2
Let i(f) = 3*f - 245. Let m be i(83). Let q(u) be the third derivative of -1/3*u**3 + 0 + u**2 - 1/24*u**m + 0*u. Calculate q(-3).
1
Let v(x) be the third derivative of -x**5/30 + x**4/6 - 5*x**3/6 - x**2 + 298. What is v(-3)?
-35
Let k(x) = -4*x**2 - 96*x + 214. Let j be k(-26). Let q(p) = -13*p + 8. What is q(j)?
-70
Suppose -q - 36 = -y, 5*y - 34*q - 180 = -37*q. Suppose -4*a + y = 2*v, v = 5*a - 22 - 16. Let k(x) = -x**2 + 7*x + 5. What is k(a)?
-3
Let t(h) = -h**3 - 5*h**2 + 3*h - 6. Let z(r) = -r**3 + 13*r**2 + 6*r - 7. Let c be z(13). Let y = -71 + c. Suppose y*m = 4*m + 24. What is t(m)?
12
Let q(y) = -y - 8. Suppose 2*j = -5*a + 26, 0 = -j - 2*j - 4*a + 25. Suppose 20*i + j*i + 138 = 0. Give q(i).
-2
Let s be (2/(-2))/(-1) + (-96)/24. Let v(k) = 2 + k**3 + k + 3*k - 14*k**2 + 2 + 19*k**2. Give v(s).
10
Let m(y) be the third derivative of 29*y**4/24 + 283*y**3/6 - 21*y**2 + 5*y - 16. What is m(-10)?
-7
Let g(w) be the first derivative of -10*w**2 - 69*w - 387. What is g(-4)?
11
Let t(h) be the second derivative of 5*h - 1/20*h**5 + 1/6*h**3 + 0 - 2*h**2 + 1/2*h**4. Let l(x) = -x**3 + 19*x**2 + 92*x + 6. Let y be l(23). What is t(y)?
2
Let a(x) = x - 5. Suppose 4*j = 3*j. Suppose 6*w - 40 = 4*r, -2*r + 11 = 5*w + 15. Let z be (w/(-4) - j)*(-56)/(-7). What is a(z)?
-9
Let v(y) = y**3 - 21*y**2 - 9*y + 53. Let m be v(23). Let x(z) = 905*z - 3 - m*z + 2 - 1. Give x(8).
6
Let l(d) be the third derivative of 27*d**4/8 + 89*d**3/6 + 2*d**2 - 568*d. Calculate l(-1).
8
Let c(h) = 2*h**2 - 3*h - 2. Let b(o) = -5*o**2 + 15*o + 7. Let x(f) = -b(f) - 3*c(f). Let k(q) = q**3 - 13*q**2 - 2*q + 19. Let a be k(13). Calculate x(a).
-8
Let k(p) be the second derivative of -p**5/20 - 25*p**4/12 - 7*p**3/6 - 13*p**2 + 15*p. Let d be k(-25). Let s(t) = 147 + d - 293 + t. What is s(6)?
9
Let g(b) = 7*b + 6*b**3 - 6*b**2 - 22 + 28 - 6*b + 4*b - 7*b**3. Let a be (-1 + -6 + 0)/1. Calculate g(a).
20
Let y(u) = -u + 17. Let o(c) = -15*c + 46. Let n(k) = -34*k + 92. Let s(w) = 3*n(w) - 7*o(w). Let j(t) = 4*s(t) + 11*y(t). Give j(-5).
-2
Let u = 173 + -83. Suppose -96*n = -u*n + 12. Let a(k) = 10*k**2 + 2 + k - 4*k**2 - 4*k**2 - 2*k. Calculate a(n).
12
Let q(b) = b**2 + 1. Let a(f) = -2*f**2 - 3*f + 3. Let g(l) = -a(l) - q(l). Let t be g(-4). Let k(i) = i + t - 5 + 3. Determine k(4).
2
Let y(t) = t**3 - 5*t**2 + 7. Suppose 31*x + 445 = 600. Calculate y(x).
7
Let h(q) = 20*q + 4 + 8176*q**2 - 16350*q**2 + 8178*q**2. What is h(-5)?
4
Let w(u) = u**3 + 4*u**2 + 26*u + 43. Let d(a) = 699*a + 2794. Let r be d(-4). Determine w(r).
-1
Let t = 1019 - 295. Let k = t + -719. Let x(i) = -5*i - 3. What is x(k)?
-28
Let u(a) = 2*a**2 + a + 1. Suppose 99 - 39 = -4*f. Let r = f - -22. Let h be (0 - 0) + (6 - r). Determine u(h).
2
Suppose -110*i = -58*i - 60*i. Let p(f) = 2*f**2 - 5 - 1 + f**2 + f - 2*f**2. Calculate p(i).
-6
Let m be 6/21 - (-30272)/(-112). Let l be 1/(-4) - m/(-40). Let t(v) = 2*v**2 + 5*v - v**2 - 7 - 2. Determine t(l).
5
Suppose v + 10 = 3. Let b(u) = 7*u**2 + 10*u + 14. Let l(f) = 11*f**2 + 14*f + 21. Suppose -28 + 83 = 11*j. Let c(n) = j*l(n) - 8*b(n). What is c(v)?
14
Suppose 9*x - 11*x + 4*a = 0, x + 2*a = 8. Let p(f) = -17*f + 72. What is p(x)?
4
Let a(n) = -n**2 + 4*n - 7. Suppose 5*t = -m + 25, 2*m + 66 = 4*m + 2*t. Let h be (-4 + 3)/(10/(-16))*m. Let w = 61 - h. Determine a(w).
-12
Let v be (-1 - 0 - -2)*-6. Let m(f) = 143 - f - 60 - 89. Give m(v).
0
Let g(w) = -1. Suppose -2*v = 6*v - 64. Suppose -3*q + 3*u = 9, 3*u + 2*u = -2*q + v. Let p(f) = -3*f - 1. Let j(r) = q*p(r) + 2*g(r). What is j(-3)?
-10
Suppose -5*o = 2*l + 16, 4*l - o = -0*l - 10. Let g be (-2)/(-3)*(6 + l). Let h(d) = 3*d - g*d - d + d - 2. Calculate h(-4).
-6
Let p = 23 - 25. Let r(h) = h**3 - h**2 + 2*h + 7. Let b(f) = -f**3 - f**2 + f. Let w(s) = p*b(s) - r(s). Calculate w(-4).
-7
Let g = 710 + -318. Let k be (2/(-8))/(g/(-64) + 6). Let q(i) = 3*i**2 - 4*i + 2. Determine q(k).
6
Suppose -6*n + 4 + 8 = 0. Let q(g) = 129*g - 62*g + 3 - 73*g. Determine q(n).
-9
Let w(r) = r + 11. Let b(q) = 1115*q - 10 - 1116*q + 1. Let z(k) = 6*b(k) + 5*w(k). Let g(v) = v + 1. Let o be g(1). Determine z(o).
-1
Let t(l) = -3*l**3 - 3*l**2 + 2*l + 5. Suppose 3*k + 3*q = -18, 54*q - 12 = 57*q. Calculate t(k).
13
Let x(m) = -2*m**3 + 4*m**2 - 4*m + 3. Let u = 36 + -5. Let y(c) = 16*c + 20. Let p be y(-1). Suppose -p*z + u = 23. What is x(z)?
-5
Let s be (26 + -27)*(-766)/(-4)*-2. Let y(i) = -i - 5*i**2 + 0*i - 386 + s + 5*i - 2*i. Determine y(2).
-19
Let n = -325 + 327. Let m be 36/(-9) - (2 + (0 - n)). Let l(g) = 2*g**2 + g + 4. Determine l(m).
32
Let k(p) = -6950 + 0*p + 13896 - 2*p - 6952. What is k(-3)?
0
Let c(t) = t**2 + 4*t + 2. Let l be 854/126 + (-4)/(-18).